030
In base 8, what is -376 + -4?
-402
In base 6, what is -3000 - 5?
-3005
In base 12, what is 4 + 149?
151
In base 9, what is 1418 + -3?
1415
In base 6, what is -20 + -103?
-123
In base 2, what is 0 + -1101110100?
-1101110100
In base 6, what is 43 - 4?
35
In base 10, what is -2 + -718?
-720
In base 2, what is -1000111 + -10100?
-1011011
In base 7, what is 0 - 444?
-444
In base 11, what is 5 + 2376?
2380
In base 10, what is 9065 + 4?
9069
In base 5, what is 1131 + 104?
1240
In base 12, what is -5320 - -3?
-5319
In base 12, what is -83b2 + 5?
-83a9
In base 11, what is -229 + -3?
-231
In base 6, what is 5124 - -1?
5125
In base 14, what is -247 - 5?
-24c
In base 10, what is -64 + -17?
-81
In base 14, what is -5 - -137?
132
In base 11, what is 2 - 102?
-100
In base 11, what is 46 + 7?
52
In base 9, what is 4 - -7?
12
In base 5, what is 2313 + -13?
2300
In base 13, what is 9a - 3?
97
In base 10, what is 38 - 55?
-17
In base 9, what is -32 + -5?
-37
In base 9, what is -324 - -3?
-321
In base 16, what is -20 - -11?
-f
In base 4, what is 3 - -1122?
1131
In base 11, what is -31 - 0?
-31
In base 6, what is 102 + -4?
54
In base 2, what is -1000111 + -110?
-1001101
In base 12, what is 0 - -2b2?
2b2
In base 15, what is -2 - 183d?
-1840
In base 10, what is -1226 + 17?
-1209
In base 11, what is 30 - -9?
39
In base 4, what is 1 + 323?
330
In base 14, what is 8 + 159?
163
In base 11, what is 0 + 87?
87
In base 7, what is -6016 - 3?
-6022
In base 2, what is -10011110101 - 100?
-10011111001
In base 11, what is -199 + -4?
-1a2
In base 8, what is -16456 + -5?
-16463
In base 10, what is -411 - -5?
-406
In base 14, what is -a0 - 4?
-a4
In base 9, what is -32 - -10?
-22
In base 10, what is -13 + -34?
-47
In base 4, what is -123 + 120?
-3
In base 3, what is -102 - 220?
-1022
In base 10, what is 129 + 85?
214
In base 10, what is -928 - 1?
-929
In base 9, what is 15 - -18?
34
In base 10, what is -46 + 55?
9
In base 2, what is 101 - -1?
110
In base 2, what is -1100110 - 1100?
-1110010
In base 16, what is 1c + 1?
1d
In base 16, what is e52 + -1?
e51
In base 3, what is 1012202 + -11?
1012121
In base 15, what is -3 + 28?
25
In base 13, what is b + 32c?
33a
In base 15, what is -227 - -5?
-222
In base 11, what is -58 - 3?
-60
In base 9, what is -17 + 26?
8
In base 9, what is -52 + 4?
-47
In base 8, what is 136 - 73?
43
In base 10, what is -2 + -1508?
-1510
In base 14, what is 4c - -39?
87
In base 4, what is 1 + 23?
30
In base 15, what is 7 + -2a?
-23
In base 7, what is -32511 + 5?
-32503
In base 10, what is -234 + 2?
-232
In base 2, what is -1100010 - 11?
-1100101
In base 14, what is -5 + 114?
10d
In base 7, what is 34 + 3?
40
In base 12, what is 12 - 2?
10
In base 8, what is -35 + -37?
-74
In base 16, what is -220 + 3?
-21d
In base 6, what is -2 - 221?
-223
In base 9, what is 157 - 40?
117
In base 12, what is -4 + 198?
194
In base 15, what is -9 + d41?
d37
In base 12, what is 126 - -10?
136
In base 5, what is -10 + 20?
10
In base 5, what is 34 - -404?
443
In base 4, what is 2121 + -2?
2113
In base 11, what is 7 - 1?
6
In base 8, what is -1672 + 4?
-1666
In base 16, what is -1 + -c4?
-c5
In base 13, what is b + -1c6?
-1b8
In base 2, what is -10010000 - 101?
-10010101
In base 7, what is -60 + 6?
-51
In base 12, what is 3 - -199?
1a0
In base 16, what is 3 - -60?
63
In base 2, what is -11000 + -11001100?
-11100100
In base 16, what is -36 + 0?
-36
In base 8, what is 7 - 237?
-230
In base 5, what is 3 - -2132?
2140
In base 7, what is -4 + 144?
140
In base 12, what is -4 - 72?
-76
In base 3, what is 2110 - -2?
2112
In base 12, what is -838 + 7?
-831
In base 5, what is 43111 - 3?
43103
In base 5, what is -330 - -111?
-214
In base 15, what is -3c - 19?
-56
In base 8, what is 2 + -44?
-42
In base 3, what is -20121 - -1122?
-11222
In base 6, what is -4 - -155?
151
In base 4, what is -2322 - -1?
-2321
In base 5, what is 42 + -3200?
-3103
In base 12, what is -27 + 1?
-26
In base 15, what is 51 - -67?
b8
In base 6, what is 14 - -42?
100
In base 8, what is -140 + -4?
-144
In base 7, what is -1 - 56?
-60
In base 10, what is 2 - -863?
865
In base 11, what is -2 - -38?
36
In base 9, what is 7 + 24?
32
In base 8, what is -4 + -65?
-71
In base 12, what is -1b0 - -11?
-19b
In base 10, what is 769 - -9?
778
In base 12, what is 2 + 536?
538
In base 11, what is -13 + -170?
-183
In base 5, what is -2 + -10121?
-10123
In base 4, what is 2 + -203?
-201
In base 8, what is -151 + -2?
-153
In base 5, what is -3 + -422?
-430
In base 4, what is 2 - 120012?
-120010
In base 7, what is -1413 - 2?
-1415
In base 16, what is -c84 - 4?
-c88
In base 9, what is 7113 - 5?
7107
In base 5, what is 33111 - -2?
33113
In base 8, what is 340 + -13?
325
In base 8, what is -15 - 166?
-203
In base 10, what is 16 - -1?
17
In base 12, what is -a5b + 2?
-a59
In base 6, what is -120 + -151?
-311
In base 16, what is 20f - -8?
217
In base 7, what is -32341 - 1?
-32342
In base 11, what is 5 - -a?
14
In base 16, what is -18e - -5?
-189
In base 16, what is 4 + -1cd?
-1c9
In base 13, what is -257 + -5?
-25c
In base 11, what is -5 - 350?
-355
In base 7, what is -33 + 10?
-23
In base 14, what is 0 - 416?
-416
In base 8, what is 1 - -63?
64
In base 8, what is -1 - 71?
-72
In base 15, what is 1d3 - 4?
1ce
In base 14, what is -a5 - 5?
-aa
In base 9, what is 553 + -4?
548
In base 9, what is -2 - -1085?
1083
In base 15, what is 1 + 12c?
12d
In base 11, what is 19 - 5?
14
In base 13, what is 1612 - 5?
160a
In base 5, what is 2424 + -1?
2423
In base 6, what is -145 - -10?
-135
In base 2, what is -10 + -100110?
-101000
In base 11, what is 3 - -104?
107
In base 10, what is -2 + 25?
23
In base 2, what is 1111100010 + -10?
1111100000
In base 2, what is 101 - 1000?
-11
In base 11, what is 28 - 36?
-9
In base 3, what is 2112 + 11?
2200
In base 4, what is -213031 - -11?
-213020
In base 3, what is -2 + -1201?
-1210
In base 10, what is 2 - -31?
33
In base 15, what is 1 - -6d?
6e
In base 2, what is 100 - -1010001111?
1010010011
In base 5, what is 303 + 1?
304
In base 15, what is -2c - -3e?
12
In base 3, what is -201111001 + 2?
-201110222
In base 7, what is 152 + 304?
456
In base 3, what is -2010020 - 11?
-2010101
In base 8, what is -4 + -674?
-700
In base 15, what is -3 + -47?
-4a
In base 8, what is 0 + 1300?
1300
In base 4, what is 30023 - -1?
30030
In base 10, what is -1155 + -5?
-1160
In base 2, what is 0 + 10101001?
10101001
In base 5, what is -313 - 14?
-332
In base 11, what is 39 + 106?
144
In base 6, what is 4 + 330?
334
In base 10, what is -21 + -284?
-305
In base 5, what is 30 + 121?
201
In base 8, what is -126 + 5?
-121
In base 5, what is 2013 + 2?
2020
In base 8, what is 3316 - 3?
3313
In base 5, what is 140 - -2?
142
In base 12, what is 2 - -391?
393
In base 13, what is -119 - 5?
-121
In base 10, what is -1 - 3816?
-3817
In base 15, what is -489 + -b?
-495
In base 4, what is -1 + 10213?
10212
In base 2, what is 1101100 + 100?
1110000
In base 6, what is 241 + 1?
242
In base 14, what is 2 + -152?
-150
In base 8, what is 542 + 2?
544
In base 15, what is -10e9 - 2?
-10eb
In base 3, what is -2100011 + 22?
-2022212
In base 16, what is 2 + -77?
-75
In base 6, what is -30 - 121?
-151
In base 4, what is -302 + -223?
-1131
In base 14, what is -476 + -1?
-477
In base 2, what is -1000 - -1011011?
1010011
In base 16, what is -b + 4e?
43
In base 10, what is -5 - -379?
374
In base 5, what is 0 + -2103?
-2103
In base 9, what is -5 - -113?
107
In base 2, what is 100110 - 1011?
11011
In base 2, what is 1 + -100101110?
-100101101
In base 16, what is -5 - -d05?
d00
In base 4, what is -20120 - 120?
-20300
In base 5, what is 4443 - -2?
10000
In base 14, what is 15 - 60c?
-5d7
In base 12, what is 6 + -3a?
-34
In base 10, what is 1 - 7008?
-7007
In base 8, what is 0 + -101?
-101
In base 3, what is 2022 + -20?
2002
In base 4, what is -212002 - -11?
-211331
In base 14, what is 26 + 1?
27
In base 10, what is -2 + -28?
-30
In base 8, what is 10 + -13?
-3
In base 11, what is 47 + -54?
-8
In base 11, what is 256 + -2?
254
In base 5, what is -2 + -231?
-233
In base 8, what is 2 + 102?
104
In base 7, what is 1 - 516?
-515
In base 10, what is 72 - -19?
91
In base 3, what is 10 - 20010?
-20000
In base 5, what is 432 - -1?
433
In base 10, what is 2 - -47?
49
In base 4, w